{"id":7956,"date":"2023-08-11T17:20:46","date_gmt":"2023-08-11T23:20:46","guid":{"rendered":"https:\/\/walternavarrete.com\/academy\/?post_type=product&#038;p=7956"},"modified":"2025-01-03T13:53:12","modified_gmt":"2025-01-03T19:53:12","slug":"estableciendo-controles-de-seguridad","status":"publish","type":"product","link":"https:\/\/walternavarrete.com\/academy\/product\/estableciendo-controles-de-seguridad\/","title":{"rendered":"Estableciendo Controles de Seguridad"},"content":{"rendered":"<p>Este curso te brinda una introducci\u00f3n al establecimiento de controles para velar por la seguridad de la informaci\u00f3n, tomando como base el modelo de la ISO \/ EIC 27001 diferenciando y reconociendo todos los recursos que generan o transforman informaci\u00f3n que pueda ser cr\u00edtica para las operaciones del negocio, tambi\u00e9n estaremos revisando algunas recomendaciones de recursos t\u00e9cnicos por implementar as\u00ed como modelos de procedimientos que se deber\u00edan de implementar para que puedas tener una referencia inicial.<\/p>\n<p><strong>Contenido<\/strong>:<\/p>\n<p><strong>Introducci\u00f3n a la Implementaci\u00f3n de Controles de Seguridad<\/strong><\/p>\n<ul>\n<li>Fundamentos sobre la Seguridad de la Informaci\u00f3n<\/li>\n<li>Introducci\u00f3n al Sistema de Gesti\u00f3n de Seguridad de la Informaci\u00f3n<\/li>\n<li>Seguridad de la Informaci\u00f3n y Ciberseguridad<\/li>\n<\/ul>\n<p><strong>Analisis de Riesgos<\/strong><\/p>\n<ul>\n<li>Gesti\u00f3n de Riesgos<\/li>\n<li>Herramientas &#8211; An\u00e1lisis de Vulnerabilidades<\/li>\n<\/ul>\n<p><strong>Otros Est\u00e1ndares de Seguridad<\/strong><\/p>\n<ul>\n<li>PCI DSS<\/li>\n<li>PCI DSS &#8211; Requerimientos T\u00e9cnicos<\/li>\n<li>COBIT<\/li>\n<li>NIST<\/li>\n<\/ul>\n<p><strong>Herramientas<\/strong><\/p>\n<ul>\n<li>An\u00e1lisis de Vulnerabilidades<\/li>\n<li>Auditoria de Active Directory<\/li>\n<li>SIEM (Security Information and Event Management)<\/li>\n<li>Soluciones de Respaldo &#8211; Para Active Directory<\/li>\n<li>Soluciones de Respaldo &#8211; Respaldo de Aplicaciones y Bases de Datos<\/li>\n<li>Soluciones de Respaldo &#8211; Respaldo de Office 365<\/li>\n<\/ul>\n<p><strong>Incidentes de Ransomware<\/strong><\/p>\n<ul>\n<li>Anatom\u00eda de un Ataque de Ransomware<\/li>\n<li>Casos de Impacto con Ransomware<\/li>\n<\/ul>\n<p><strong>IMPORTANTE<\/strong> &#8211; todos los entrenamientos cuentan con asistencia t\u00e9cnica para apoyarte con tus implementaciones.<\/p>\n","protected":false},"excerpt":{"rendered":"<p>Este curso te brinda una introducci\u00f3n al establecimiento de controles para velar por la seguridad de la informaci\u00f3n, tomando como<\/p>\n","protected":false},"featured_media":7953,"comment_status":"open","ping_status":"closed","template":"","meta":{"content-type":""},"product_brand":[],"product_cat":[146,91,104,101],"product_tag":[150,149,147,151,152,148],"class_list":{"0":"post-7956","1":"product","2":"type-product","3":"status-publish","4":"has-post-thumbnail","6":"product_cat-cybersecurity","7":"product_cat-online-training","8":"product_cat-seguridad-de-la-informacion","9":"product_cat-tecnologia","10":"product_tag-analisis-de-riesgos","11":"product_tag-controles-de-seguridad","12":"product_tag-cybersecurity","13":"product_tag-iso27001","14":"product_tag-nist","15":"product_tag-siem","17":"first","18":"instock","19":"virtual","20":"sold-individually","21":"purchasable","22":"product-type-simple"},"_links":{"self":[{"href":"https:\/\/walternavarrete.com\/academy\/wp-json\/wp\/v2\/product\/7956","targetHints":{"allow":["GET"]}}],"collection":[{"href":"https:\/\/walternavarrete.com\/academy\/wp-json\/wp\/v2\/product"}],"about":[{"href":"https:\/\/walternavarrete.com\/academy\/wp-json\/wp\/v2\/types\/product"}],"replies":[{"embeddable":true,"href":"https:\/\/walternavarrete.com\/academy\/wp-json\/wp\/v2\/comments?post=7956"}],"wp:featuredmedia":[{"embeddable":true,"href":"https:\/\/walternavarrete.com\/academy\/wp-json\/wp\/v2\/media\/7953"}],"wp:attachment":[{"href":"https:\/\/walternavarrete.com\/academy\/wp-json\/wp\/v2\/media?parent=7956"}],"wp:term":[{"taxonomy":"product_brand","embeddable":true,"href":"https:\/\/walternavarrete.com\/academy\/wp-json\/wp\/v2\/product_brand?post=7956"},{"taxonomy":"product_cat","embeddable":true,"href":"https:\/\/walternavarrete.com\/academy\/wp-json\/wp\/v2\/product_cat?post=7956"},{"taxonomy":"product_tag","embeddable":true,"href":"https:\/\/walternavarrete.com\/academy\/wp-json\/wp\/v2\/product_tag?post=7956"}],"curies":[{"name":"wp","href":"https:\/\/api.w.org\/{rel}","templated":true}]}}