{"id":10838,"date":"2025-02-10T09:07:21","date_gmt":"2025-02-10T15:07:21","guid":{"rendered":"https:\/\/walternavarrete.com\/academy\/?post_type=product&#038;p=10838"},"modified":"2025-03-07T17:33:31","modified_gmt":"2025-03-07T23:33:31","slug":"sistemas-de-almacenamiento-empresarial","status":"publish","type":"product","link":"https:\/\/walternavarrete.com\/academy\/product\/sistemas-de-almacenamiento-empresarial\/","title":{"rendered":"Sistemas de Almacenamiento Empresarial"},"content":{"rendered":"<p>Descubre los fundamentos de c\u00f3mo crear y configurar soluciones de almacenamiento para ambientes empresariales en donde la disponibilidad de los datos y funcionalidades de redundancia son aspectos cr\u00edticos que se deben de cumplir.<\/p>\n<p>Estar\u00e1s conociendo tambi\u00e9n como operan las soluciones de almacenamiento de Microsoft Azure, AWS y Google Cloud, as\u00ed como los escenarios de uso comunes que se aplican en las empresas.<\/p>\n","protected":false},"excerpt":{"rendered":"<p>Descubre los fundamentos de c\u00f3mo crear y configurar soluciones de almacenamiento para ambientes empresariales en donde la disponibilidad de los<\/p>\n","protected":false},"featured_media":10812,"comment_status":"open","ping_status":"closed","template":"","meta":{"content-type":""},"product_brand":[],"product_cat":[94,95,91],"product_tag":[173,172,171,133],"class_list":{"0":"post-10838","1":"product","2":"type-product","3":"status-publish","4":"has-post-thumbnail","6":"product_cat-aws","7":"product_cat-azure","8":"product_cat-online-training","9":"product_tag-cloud-storage","10":"product_tag-raid-levels","11":"product_tag-san-nas","12":"product_tag-storage-systems","14":"first","15":"instock","16":"virtual","17":"sold-individually","18":"purchasable","19":"product-type-simple"},"_links":{"self":[{"href":"https:\/\/walternavarrete.com\/academy\/wp-json\/wp\/v2\/product\/10838","targetHints":{"allow":["GET"]}}],"collection":[{"href":"https:\/\/walternavarrete.com\/academy\/wp-json\/wp\/v2\/product"}],"about":[{"href":"https:\/\/walternavarrete.com\/academy\/wp-json\/wp\/v2\/types\/product"}],"replies":[{"embeddable":true,"href":"https:\/\/walternavarrete.com\/academy\/wp-json\/wp\/v2\/comments?post=10838"}],"wp:featuredmedia":[{"embeddable":true,"href":"https:\/\/walternavarrete.com\/academy\/wp-json\/wp\/v2\/media\/10812"}],"wp:attachment":[{"href":"https:\/\/walternavarrete.com\/academy\/wp-json\/wp\/v2\/media?parent=10838"}],"wp:term":[{"taxonomy":"product_brand","embeddable":true,"href":"https:\/\/walternavarrete.com\/academy\/wp-json\/wp\/v2\/product_brand?post=10838"},{"taxonomy":"product_cat","embeddable":true,"href":"https:\/\/walternavarrete.com\/academy\/wp-json\/wp\/v2\/product_cat?post=10838"},{"taxonomy":"product_tag","embeddable":true,"href":"https:\/\/walternavarrete.com\/academy\/wp-json\/wp\/v2\/product_tag?post=10838"}],"curies":[{"name":"wp","href":"https:\/\/api.w.org\/{rel}","templated":true}]}}