{"id":7165,"date":"2021-05-04T06:23:25","date_gmt":"2021-05-04T06:23:25","guid":{"rendered":"https:\/\/preview.tutorlms.com\/elementor-marketplace\/?page_id=7165"},"modified":"2023-06-18T20:12:34","modified_gmt":"2023-06-19T02:12:34","slug":"terms-and-conditions","status":"publish","type":"page","link":"https:\/\/walternavarrete.com\/academy\/terms-and-conditions\/","title":{"rendered":"Terminos y Condiciones"},"content":{"rendered":"\n<p><strong>A. Bienvenidos a la plataforma WN ACADEMY<\/strong><\/p>\n\n\n\n<p>WN ACADEMY es una plataforma digital desarrollada en propiedad por Walter Navarrete quien brinda servicios de aprendizaje en l\u00ednea y pone a su disposici\u00f3n diferentes cursos y seminarios orientados a la administraci\u00f3n de sistemas en tecnolog\u00eda, metodolog\u00edas de proyectos y administraci\u00f3n de plataformas en nube. Todos los cursos son desarrollados por cada uno de los instructores que los publican bajo un criterio de calidad establecido. El servicio opera bajo las siguientes condiciones de uso:<\/p>\n\n\n\n<p><strong>B. Aceptaci\u00f3n de condiciones de uso<\/strong><\/p>\n\n\n\n<p>Las condiciones de uso se establecen exclusivamente entre usted (usuario) y la Plataforma WN ACADEMY y determinan las condiciones de servicio y el uso que haga de \u00e9stos. Le solicitamos leerlas detenidamente antes de iniciar, as\u00ed sea que su permanencia en el sitio sea solo como visitante y no como un usuario registrado,<\/p>\n\n\n\n<p><strong>C. Cambios en las condiciones de uso<\/strong><\/p>\n\n\n\n<p>WN ACADEMY, se reserva el derecho de revisar con periodicidad los t\u00e9rminos y condiciones y, se compromete a notificar en la p\u00e1gina para todos sus usuarios, cada actualizaci\u00f3n que se realice.<\/p>\n\n\n\n<p><strong>D. Servicios y seguridad de la cuenta<\/strong><\/p>\n\n\n\n<p>Para el funcionamiento de WN ACADEMY, es necesario que el usuario disponga de servicio de internet activo, pero la plataforma no es responsable de problemas de inestabilidad que presente el servicio, siendo esta total responsabilidad de su proveedor. WN ACADEMY se compromete a que toda transacci\u00f3n que realice el usuario ser\u00e1 confirmada mediante el env\u00edo correo electr\u00f3nico a la cuenta de su propiedad y registrada en la plataforma por el usuario. El usuario es responsable y acepta no compartir con terceros, el usuario y contrase\u00f1a u otro dato registrado en esta plataforma para hacer usos de estos servicios. El usuario acepta que entiende que es su responsabilidad cerrar la sesi\u00f3n cuando deje de usar la plataforma, asegurando la protecci\u00f3n de sus credenciales. El usuario entiende que debe evitar ingresar a la plataforma desde dispositivos p\u00fablicos o que no sean de su propiedad, en caso que lo haga, debe asegurarse de cerrar la sesi\u00f3n.<\/p>\n\n\n\n<p><strong>E. Funcionamiento<\/strong><\/p>\n\n\n\n<p>WN ACADEMY ha sido desarrollada con tecnolog\u00eda de alto rendimiento para poder brindar la mejor experiencia al usuario, por lo que se garantiza su uso aun en equipos con pocas capacidades y rendimiento. Tanto a nivel de desarrollo como transaccional se ha cuidado el manejo de niveles de seguridad garantizando que toda transacci\u00f3n realizada dentro de la plataforma sea lo m\u00e1s \u00e1gil y seguro posible<\/p>\n\n\n\n<p><strong>F. Uso del servicio<\/strong><\/p>\n\n\n\n<p>El usuario podr\u00e1 adquirir mediante la compra con tarjeta de cr\u00e9dito o d\u00e9bito, a trav\u00e9s de la plataforma de pago PayPal\u00ae y desde cualquier parte del mundo, cualquiera de los cursos y disponibles, tendr\u00e1 interacci\u00f3n directa y de forma indefinida con los contenidos, as\u00ed como tambi\u00e9n adquiere el derecho a las actualizaciones de estos. El usuario acepta y autoriza a WN ACADEMY a cobrarle el valor de cada curso que seleccione dentro de la oferta y el costo establecido, sea este para uso personal o para entregarlo en condici\u00f3n de regalo a un tercero.<\/p>\n\n\n\n<p><strong>G. Registro<\/strong><\/p>\n\n\n\n<p>Para acceder a los servicios de WN ACADEMY, el usuario deber\u00e1 realizar un proceso de registro para el cual se le solicita proporcionar datos e informaci\u00f3n b\u00e1sica personal como nombre, correo electr\u00f3nico y la generaci\u00f3n de una clave personal que, en ning\u00fan caso, el equipo de administraci\u00f3n de la plataforma tendr\u00e1 acceso para descargar o modificar los mismos. El usuario podr\u00e1 solicitar actualizaci\u00f3n de credenciales, informaci\u00f3n que recibir\u00e1 directamente en el correo electr\u00f3nico personal y registrado. ,<\/p>\n\n\n\n<p><strong>H. Usos no permitidos<\/strong><\/p>\n\n\n\n<p>El usuario de WN ACADEMY acepta y entiende que los contenidos de los cursos son de uso educativo, a cada curso adquirido tiene un ingreso ilimitado, pero no puede descargar los materiales con el fin de ser compartidos con terceras personas. El usuario acepta y entiende que, en caso de utilizar como referencia los materiales y recursos propios de cada curso, debe respetar la propiedad intelectual del profesional instructor del curso. El usuario entiende y acepta que, para emitir comentarios, sean estos positivos o no, deber\u00e1 hacer uso de vocabulario decente y respetuoso para con el instructor y los usuarios que son parte de la comunidad del curso en referencia.<\/p>\n\n\n\n<p><strong>I. Propiedad intelectual<\/strong><\/p>\n\n\n\n<p>Los cursos y sus materiales, as\u00ed como los recursos que los instructores utilizan en el desarrollo de sus contenidos son propiedad de WN ACADEMY y de cada instructor que publica sus cursos, reiteramos que cada usuario tiene derecho a acceder las veces que lo desee a los contenidos adquiridos en compra, pero su uso es de car\u00e1cter personal y no con fines comerciales.<\/p>\n\n\n\n<p><strong>J. Reembolsos<\/strong><\/p>\n\n\n\n<p>Los reembolsos no est\u00e1n disponibles para los usuarios que hayan consumido m\u00e1s del 40% del contenido del curso adquirido. No proceder\u00e1 si han transcurrido m\u00e1s de 48 horas posteriores a haber realizado la compra. No proceder\u00e1 si el usuario infringe alguna cl\u00e1usula de estos t\u00e9rminos y condiciones de uso. En caso que un reembolso proceda, se har\u00e1 generando un cr\u00e9dito a la misma tarjeta con la que fue aplicado el d\u00e9bito por la compra.<\/p>\n\n\n\n<div style=\"height:100px\" aria-hidden=\"true\" class=\"wp-block-spacer\"><\/div>\n","protected":false},"excerpt":{"rendered":"<p>A. Bienvenidos a la plataforma WN ACADEMY WN ACADEMY es una plataforma digital desarrollada en propiedad por Walter Navarrete quien<\/p>\n","protected":false},"author":1,"featured_media":0,"parent":0,"menu_order":0,"comment_status":"closed","ping_status":"closed","template":"","meta":{"content-type":"","_tutorstarter_page_metadata":[],"footnotes":""},"class_list":["post-7165","page","type-page","status-publish","hentry"],"_links":{"self":[{"href":"https:\/\/walternavarrete.com\/academy\/wp-json\/wp\/v2\/pages\/7165","targetHints":{"allow":["GET"]}}],"collection":[{"href":"https:\/\/walternavarrete.com\/academy\/wp-json\/wp\/v2\/pages"}],"about":[{"href":"https:\/\/walternavarrete.com\/academy\/wp-json\/wp\/v2\/types\/page"}],"author":[{"embeddable":true,"href":"https:\/\/walternavarrete.com\/academy\/wp-json\/wp\/v2\/users\/1"}],"replies":[{"embeddable":true,"href":"https:\/\/walternavarrete.com\/academy\/wp-json\/wp\/v2\/comments?post=7165"}],"version-history":[{"count":2,"href":"https:\/\/walternavarrete.com\/academy\/wp-json\/wp\/v2\/pages\/7165\/revisions"}],"predecessor-version":[{"id":11496,"href":"https:\/\/walternavarrete.com\/academy\/wp-json\/wp\/v2\/pages\/7165\/revisions\/11496"}],"wp:attachment":[{"href":"https:\/\/walternavarrete.com\/academy\/wp-json\/wp\/v2\/media?parent=7165"}],"curies":[{"name":"wp","href":"https:\/\/api.w.org\/{rel}","templated":true}]}}